?
False
Is 116818794257 a composite number?
True
Is 30868974001 a prime number?
True
Is 299634479 a composite number?
False
Is 155155927393 prime?
False
Is 8003561629 prime?
False
Is 305914838 prime?
False
Is 281097071 a prime number?
False
Is 1426261043 composite?
True
Is 1476393082 a prime number?
False
Is 10594764399 composite?
True
Is 19107197555 a composite number?
True
Is 488471342347 composite?
True
Is 612955787 composite?
False
Is 32442911653 a composite number?
True
Is 2531080411 prime?
False
Is 1633466143 prime?
True
Is 15054746063 prime?
False
Is 28343126797 composite?
True
Is 122400410939 a prime number?
True
Is 7661632837 a composite number?
True
Is 517863433 a composite number?
True
Is 2054376413 prime?
True
Is 3510679217 prime?
False
Is 15484662286 prime?
False
Is 878374873 a composite number?
False
Is 317967253 composite?
True
Is 1321950463 prime?
True
Is 4507578541 a composite number?
False
Is 241300560503 a prime number?
False
Is 15500847589 a composite number?
False
Is 24343565915 prime?
False
Is 698785161 prime?
False
Is 624426538 composite?
True
Is 4013044223 a composite number?
True
Is 518102537 a prime number?
False
Is 44858902415 composite?
True
Is 1230133357 a prime number?
False
Is 63452588957 prime?
False
Is 253694063 composite?
True
Is 7322700817 a composite number?
True
Is 3300002119 prime?
False
Is 241883783 a prime number?
True
Is 11454020593 composite?
True
Is 33349599043 prime?
True
Is 395792357 a composite number?
False
Is 21521368499 a composite number?
False
Is 20445110377 composite?
True
Is 2959275406 composite?
True
Is 2021906947 a composite number?
False
Is 150316920361 prime?
True
Is 64715995237 a prime number?
True
Is 191106869 prime?
True
Is 3995902709 a prime number?
True
Is 7991828641 prime?
True
Is 737204261 a prime number?
False
Is 165664841 prime?
True
Is 415514503 a composite number?
True
Is 7190022451 prime?
True
Is 152146966039 composite?
True
Is 46533047159 a prime number?
True
Is 3634057865 a prime number?
False
Is 8970141399 composite?
True
Is 215740673 a prime number?
False
Is 17892801947 a composite number?
False
Is 696270997 composite?
False
Is 839162309 a prime number?
False
Is 150968489 a prime number?
False
Is 802847309 composite?
True
Is 36883346845 a composite number?
True
Is 182965823303 a composite number?
False
Is 2807522587 a prime number?
False
Is 19134378971 prime?
True
Is 56424833 a composite number?
False
Is 230590221691 prime?
False
Is 2295623249 a prime number?
False
Is 1505750137 prime?
False
Is 651948901 composite?
True
Is 1689774091 a prime number?
False
Is 2044330817 a composite number?
True
Is 254137572449 composite?
True
Is 136553269 a composite number?
True
Is 5617690447 a composite number?
True
Is 97082005101 a prime number?
False
Is 10353637487 composite?
True
Is 56236001 composite?
True
Is 132311979697 prime?
False
Is 300429343 composite?
False
Is 391426307 composite?
True
Is 799588739 composite?
False
Is 218216527 a composite number?
True
Is 5071823353 prime?
False
Is 7520763913 a prime number?
False
Is 123013500523 prime?
True
Is 22586034893 a composite number?
True
Is 4971356953 prime?
False
Is 787811729 a prime number?
False
Is 3667691893 prime?
False
Is 82480701599 composite?
True
Is 586845871 prime?
False
Is 103534994 prime?
False
Is 219097351 composite?
True
Is 12700255741 a prime number?
False
Is 34969445107 composite?
True
Is 47608661447 composite?
True
Is 1759463239 composite?
True
Is 19702583051 prime?
True
Is 50182206409 a prime number?
True
Is 9124364149 prime?
False
Is 80567382319 a composite number?
False
Is 5893150957 composite?
False
Is 35956723003 a composite number?
False
Is 16972894 a composite number?
True
Is 8371751789 composite?
True
Is 38289508823 prime?
False
Is 4489548643 a prime number?
True
Is 16713673871 composite?
True
Is 116103479 composite?
True
Is 2619953779 a composite number?
True
Is 128032211 a composite number?
False
Is 27305297545 composite?
True
Is 343763083 a prime number?
False
Is 21309146821 a composite number?
True
Is 13686938633 prime?
True
Is 214614551 a prime number?
True
Is 45020640039 prime?
False
Is 14316295043 prime?
True
Is 909225203 composite?
False
Is 3596632687 a composite number?
True
Is 3347045543 prime?
True
Is 252742901 a composite number?
True
Is 1266565171 prime?
False
Is 7030708667 a composite number?
False
Is 2548808719 a composite number?
True
Is 2622930263 prime?
True
Is 2281917709 composite?
False
Is 142446716473 prime?
True
Is 1286503853 a composite number?
True
Is 34866373 a composite number?
True
Is 13460102353 prime?
True
Is 3170503117 a composite number?
False
Is 8836943 prime?
True
Is 17164345129 composite?
False
Is 79467366817 a prime number?
False
Is 25900547 a prime number?
True
Is 923920253 a composite number?
False
Is 11384414641 prime?
True
Is 35203651211 composite?
False
Is 841555609 a composite number?
True
Is 709532611 composite?
False
Is 162380247 a prime number?
False
Is 46258885979 a prime number?
True
Is 44099348569 a composite number?
True
Is 265822849279 a composite number?
True
Is 2819391949 a composite number?
True
Is 22706015 prime?
False
Is 1682731679 a composite number?
True
Is 2104081165 a prime number?
False
Is 4593591547 composite?
False
Is 70065794983 a prime number?
False
Is 929799907 a prime number?
False
Is 5323124977 prime?
False
Is 48606134663 composite?
False
Is 47664751861 a prime number?
False
Is 11801015491 composite?
False
Is 53413742 prime?
False
Is 30757298279 composite?
True
Is 8406523891 prime?
False
Is 44667827 prime?
True
Is 4728976579 a composite number?
True
Is 7774065161 a prime number?
True
Is 1805756803 composite?
True
Is 2241549613 composite?
False
Is 3861593669 a composite number?
False
Is 844016851 a composite number?
False
Is 9358765187 a composite number?
False
Is 41565233867 prime?
False
Is 2951099287 prime?
True
Is 14747376199 prime?
True
Is 853234043 prime?
True
Is 154715141494 a composite number?
True
Is 2861635705 composite?
True
Is 96593703081 a composite number?
True
Is 2881405397 a prime number?
False
Is 85334435399 prime?
True
Is 21701799235 prime?
False
Is 9719797607 composite?
True
Is 7785365447 prime?
True
Is 5644746277 composite?
True
Is 127264498091 a prime number?
False
Is 1481839117 composite?
True
Is 62762733519 prime?
False
Is 7117824601 composite?
True
Is 43767734633 prime?
False
Is 6894859 composite?
False
Is 4574408233 a composite number?
True
Is 2852646365 a prime number?
False
Is 19480741073 composite?
False
Is 17996156083 prime?
False
Is 4253429903 a composite number?
True
Is 3405602791 composite?
True
Is 337991923 a composite number?
True
Is 6959743769 a prime number?
False
Is 549886895 prime?
False
Is 944532791 composite?
False
Is 278930823 a prime number?
False
Is 4905892463 prime?
True
Is 264373079 a composite number?
False
Is 265362733 composite?
False
Is 37001947919 a prime number?
True
Is 1657383709 a prime number?
True
Is 71665753667 a prime number?
False
Is 19715513977 prime?
True
Is 256525366597 composite?
False
Is 417954011 prime?
True
Is 27217591541 composite?
True
Is 65822388173 a composite number?
True
Is 1865989327 composite?
False
Is 7335261761 composite?
True
Is 377480851 a prime number?
False
Is 57574421797 a prime number?
True
Is 1983797801 composite?
False
Is 34750006351 a composite number?
False
Is 83465205514 composite?
True
Is 48740797418 a composite number?
True
Is 10613364623 composite?
True
Is 50062464497 a prime number?
False
Is 1002305599 prime?
False
Is 7777471423 a prime number?
False
Is 326448266 prime?
False
Is 37697964046 prime?
False
Is 67482523111 composite?
True
Is 6668581697 a composite number?
True
Is 54888877933 composite?
True
Is 87765816397 a composite number?
True
Is 1564827437 composite?
True
Is 12481287907 a composite number?
True
Is 815481809 composite?
False
Is 3401705291 a prime number?
True
Is 1145902649 a prime number?
True
Is 8451255469 a composite number?
False
Is 78903274029 composite?
True
Is 174592861 prime?
True
Is 9233017991 a composite number?
True
Is 867905327 a prime number?
True
Is 8993702189 composite?
False
Is 797905891 a prime number?
True
Is 534657866 composite?
True
Is 1188064147 a prime number?
True
Is 12765701987 prime?
True
Is 1290538441 prime?
False